{"id":95,"date":"2020-09-16T19:32:09","date_gmt":"2020-09-16T19:32:09","guid":{"rendered":"http:\/\/stimmungszeit.com\/?page_id=95"},"modified":"2020-09-16T19:32:09","modified_gmt":"2020-09-16T19:32:09","slug":"sicherheit","status":"publish","type":"page","link":"http:\/\/stimmungszeit.com\/?page_id=95","title":{"rendered":"Sicherheit"},"content":{"rendered":"\n<p><br>Ob Vereinsfest, Firmenlauf, Stadtfest oder Musikfestival \u2013 die Planung und Durchf\u00fchrung von Veranstaltungen ist in den letzten Jahren immer komplizierter geworden.<\/p>\n\n\n\n<p>So sind die Anforderungen, die Beh\u00f6rden und Versicherer an Veranstalter und&nbsp; zu guter Letzt auch an die Besucher stellen, stark angestiegen.<\/p>\n\n\n\n<p>Nicht erst seit Corona, kann eine gute Planung Leben retten! Das Ungl\u00fcck zur \u201eLove Parade\u201c in Duisburg 2010 war eine Z\u00e4sur f\u00fcr alle.<\/p>\n\n\n\n<p>Aufgrund schlechter Planung und mangelhafter Kontrolle von Zug\u00e4ngen und Besucherstr\u00f6men kamen damals Menschen ums Leben.<\/p>\n\n\n\n<p>Wie Faktoren spielen eine Rolle, um ein realistisches Risikoszenario zu erhalten, etwa Beschaffenheit und Ausstattung der Versammlungsst\u00e4tten, technische Einrichtungen, m\u00f6gliche Unwetter<\/p>\n\n\n\n<p>und f\u00fcr uns alle jetzt allgegenw\u00e4rtig, spezielle Anforderungen bei Pandemien.<\/p>\n\n\n\n<p>Wir erstellen f\u00fcr Sie<\/p>\n\n\n\n<ul><li>Hygieneschutz-Konzepte<\/li><li>Sicherheitskonzepte<\/li><li>B\u00fchnen-Rider<\/li><li>Saalpl\u00e4ne<\/li><li>Aush\u00e4nge<\/li><\/ul>\n\n\n\n<p>und gew\u00e4hren Ihnen somit Veranstaltungssicherheit, Besuchersicherheit und die positive Erteilung von beh\u00f6rdlichen Genehmigungen aller Art.<\/p>\n","protected":false},"excerpt":{"rendered":"<p>Ob Vereinsfest, Firmenlauf, Stadtfest oder Musikfestival \u2013 die Planung und Durchf\u00fchrung von Veranstaltungen ist in den letzten Jahren immer komplizierter geworden. So sind die Anforderungen, die Beh\u00f6rden und Versicherer an Veranstalter und&nbsp; zu guter Letzt auch an die Besucher stellen, stark angestiegen. Nicht erst seit Corona, kann eine gute Planung Leben retten! Das Ungl\u00fcck zur \u201eLove Parade\u201c in Duisburg 2010 war eine Z\u00e4sur f\u00fcr alle. Aufgrund schlechter Planung und mangelhafter Kontrolle von Zug\u00e4ngen und Besucherstr\u00f6men kamen damals Menschen ums Leben. Wie Faktoren spielen eine Rolle, um ein realistisches Risikoszenario zu erhalten, etwa Beschaffenheit und Ausstattung der Versammlungsst\u00e4tten, technische Einrichtungen, m\u00f6gliche Unwetter und f\u00fcr uns alle jetzt allgegenw\u00e4rtig, spezielle Anforderungen bei Pandemien. Wir erstellen f\u00fcr Sie Hygieneschutz-Konzepte Sicherheitskonzepte B\u00fchnen-Rider Saalpl\u00e4ne Aush\u00e4nge und gew\u00e4hren Ihnen somit Veranstaltungssicherheit, Besuchersicherheit und die positive Erteilung von beh\u00f6rdlichen Genehmigungen aller Art.<\/p>\n","protected":false},"author":1,"featured_media":0,"parent":0,"menu_order":0,"comment_status":"closed","ping_status":"closed","template":"","meta":{"footnotes":""},"yoast_head":"<!-- This site is optimized with the Yoast SEO plugin v22.1 - https:\/\/yoast.com\/wordpress\/plugins\/seo\/ -->\n<title>Sicherheit -<\/title>\n<meta name=\"robots\" content=\"index, follow, max-snippet:-1, max-image-preview:large, max-video-preview:-1\" \/>\n<link rel=\"canonical\" href=\"http:\/\/stimmungszeit.com\/?page_id=95\" \/>\n<meta property=\"og:locale\" content=\"de_DE\" \/>\n<meta property=\"og:type\" content=\"article\" \/>\n<meta property=\"og:title\" content=\"Sicherheit -\" \/>\n<meta property=\"og:description\" content=\"Ob Vereinsfest, Firmenlauf, Stadtfest oder Musikfestival \u2013 die Planung und Durchf\u00fchrung von Veranstaltungen ist in den letzten Jahren immer komplizierter geworden. So sind die Anforderungen, die Beh\u00f6rden und Versicherer an Veranstalter und&nbsp; zu guter Letzt auch an die Besucher stellen, stark angestiegen. Nicht erst seit Corona, kann eine gute Planung Leben retten! Das Ungl\u00fcck zur \u201eLove Parade\u201c in Duisburg 2010 war eine Z\u00e4sur f\u00fcr alle. Aufgrund schlechter Planung und mangelhafter Kontrolle von Zug\u00e4ngen und Besucherstr\u00f6men kamen damals Menschen ums Leben. Wie Faktoren spielen eine Rolle, um ein realistisches Risikoszenario zu erhalten, etwa Beschaffenheit und Ausstattung der Versammlungsst\u00e4tten, technische Einrichtungen, m\u00f6gliche Unwetter und f\u00fcr uns alle jetzt allgegenw\u00e4rtig, spezielle Anforderungen bei Pandemien. Wir erstellen f\u00fcr Sie Hygieneschutz-Konzepte Sicherheitskonzepte B\u00fchnen-Rider Saalpl\u00e4ne Aush\u00e4nge und gew\u00e4hren Ihnen somit Veranstaltungssicherheit, Besuchersicherheit und die positive Erteilung von beh\u00f6rdlichen Genehmigungen aller Art.\" \/>\n<meta property=\"og:url\" content=\"http:\/\/stimmungszeit.com\/?page_id=95\" \/>\n<meta name=\"twitter:card\" content=\"summary_large_image\" \/>\n<meta name=\"twitter:label1\" content=\"Gesch\u00e4tzte Lesezeit\" \/>\n\t<meta name=\"twitter:data1\" content=\"1\u00a0Minute\" \/>\n<script type=\"application\/ld+json\" class=\"yoast-schema-graph\">{\"@context\":\"https:\/\/schema.org\",\"@graph\":[{\"@type\":\"WebPage\",\"@id\":\"http:\/\/stimmungszeit.com\/?page_id=95\",\"url\":\"http:\/\/stimmungszeit.com\/?page_id=95\",\"name\":\"Sicherheit -\",\"isPartOf\":{\"@id\":\"https:\/\/stimmungszeit.com\/#website\"},\"datePublished\":\"2020-09-16T19:32:09+00:00\",\"dateModified\":\"2020-09-16T19:32:09+00:00\",\"breadcrumb\":{\"@id\":\"http:\/\/stimmungszeit.com\/?page_id=95#breadcrumb\"},\"inLanguage\":\"de\",\"potentialAction\":[{\"@type\":\"ReadAction\",\"target\":[\"http:\/\/stimmungszeit.com\/?page_id=95\"]}]},{\"@type\":\"BreadcrumbList\",\"@id\":\"http:\/\/stimmungszeit.com\/?page_id=95#breadcrumb\",\"itemListElement\":[{\"@type\":\"ListItem\",\"position\":1,\"name\":\"Startseite\",\"item\":\"https:\/\/stimmungszeit.com\/\"},{\"@type\":\"ListItem\",\"position\":2,\"name\":\"Sicherheit\"}]},{\"@type\":\"WebSite\",\"@id\":\"https:\/\/stimmungszeit.com\/#website\",\"url\":\"https:\/\/stimmungszeit.com\/\",\"name\":\"\",\"description\":\"\",\"potentialAction\":[{\"@type\":\"SearchAction\",\"target\":{\"@type\":\"EntryPoint\",\"urlTemplate\":\"https:\/\/stimmungszeit.com\/?s={search_term_string}\"},\"query-input\":\"required name=search_term_string\"}],\"inLanguage\":\"de\"}]}<\/script>\n<!-- \/ Yoast SEO plugin. -->","yoast_head_json":{"title":"Sicherheit -","robots":{"index":"index","follow":"follow","max-snippet":"max-snippet:-1","max-image-preview":"max-image-preview:large","max-video-preview":"max-video-preview:-1"},"canonical":"http:\/\/stimmungszeit.com\/?page_id=95","og_locale":"de_DE","og_type":"article","og_title":"Sicherheit -","og_description":"Ob Vereinsfest, Firmenlauf, Stadtfest oder Musikfestival \u2013 die Planung und Durchf\u00fchrung von Veranstaltungen ist in den letzten Jahren immer komplizierter geworden. So sind die Anforderungen, die Beh\u00f6rden und Versicherer an Veranstalter und&nbsp; zu guter Letzt auch an die Besucher stellen, stark angestiegen. Nicht erst seit Corona, kann eine gute Planung Leben retten! Das Ungl\u00fcck zur \u201eLove Parade\u201c in Duisburg 2010 war eine Z\u00e4sur f\u00fcr alle. Aufgrund schlechter Planung und mangelhafter Kontrolle von Zug\u00e4ngen und Besucherstr\u00f6men kamen damals Menschen ums Leben. Wie Faktoren spielen eine Rolle, um ein realistisches Risikoszenario zu erhalten, etwa Beschaffenheit und Ausstattung der Versammlungsst\u00e4tten, technische Einrichtungen, m\u00f6gliche Unwetter und f\u00fcr uns alle jetzt allgegenw\u00e4rtig, spezielle Anforderungen bei Pandemien. Wir erstellen f\u00fcr Sie Hygieneschutz-Konzepte Sicherheitskonzepte B\u00fchnen-Rider Saalpl\u00e4ne Aush\u00e4nge und gew\u00e4hren Ihnen somit Veranstaltungssicherheit, Besuchersicherheit und die positive Erteilung von beh\u00f6rdlichen Genehmigungen aller Art.","og_url":"http:\/\/stimmungszeit.com\/?page_id=95","twitter_card":"summary_large_image","twitter_misc":{"Gesch\u00e4tzte Lesezeit":"1\u00a0Minute"},"schema":{"@context":"https:\/\/schema.org","@graph":[{"@type":"WebPage","@id":"http:\/\/stimmungszeit.com\/?page_id=95","url":"http:\/\/stimmungszeit.com\/?page_id=95","name":"Sicherheit -","isPartOf":{"@id":"https:\/\/stimmungszeit.com\/#website"},"datePublished":"2020-09-16T19:32:09+00:00","dateModified":"2020-09-16T19:32:09+00:00","breadcrumb":{"@id":"http:\/\/stimmungszeit.com\/?page_id=95#breadcrumb"},"inLanguage":"de","potentialAction":[{"@type":"ReadAction","target":["http:\/\/stimmungszeit.com\/?page_id=95"]}]},{"@type":"BreadcrumbList","@id":"http:\/\/stimmungszeit.com\/?page_id=95#breadcrumb","itemListElement":[{"@type":"ListItem","position":1,"name":"Startseite","item":"https:\/\/stimmungszeit.com\/"},{"@type":"ListItem","position":2,"name":"Sicherheit"}]},{"@type":"WebSite","@id":"https:\/\/stimmungszeit.com\/#website","url":"https:\/\/stimmungszeit.com\/","name":"","description":"","potentialAction":[{"@type":"SearchAction","target":{"@type":"EntryPoint","urlTemplate":"https:\/\/stimmungszeit.com\/?s={search_term_string}"},"query-input":"required name=search_term_string"}],"inLanguage":"de"}]}},"_links":{"self":[{"href":"http:\/\/stimmungszeit.com\/index.php?rest_route=\/wp\/v2\/pages\/95"}],"collection":[{"href":"http:\/\/stimmungszeit.com\/index.php?rest_route=\/wp\/v2\/pages"}],"about":[{"href":"http:\/\/stimmungszeit.com\/index.php?rest_route=\/wp\/v2\/types\/page"}],"author":[{"embeddable":true,"href":"http:\/\/stimmungszeit.com\/index.php?rest_route=\/wp\/v2\/users\/1"}],"replies":[{"embeddable":true,"href":"http:\/\/stimmungszeit.com\/index.php?rest_route=%2Fwp%2Fv2%2Fcomments&post=95"}],"version-history":[{"count":1,"href":"http:\/\/stimmungszeit.com\/index.php?rest_route=\/wp\/v2\/pages\/95\/revisions"}],"predecessor-version":[{"id":96,"href":"http:\/\/stimmungszeit.com\/index.php?rest_route=\/wp\/v2\/pages\/95\/revisions\/96"}],"wp:attachment":[{"href":"http:\/\/stimmungszeit.com\/index.php?rest_route=%2Fwp%2Fv2%2Fmedia&parent=95"}],"curies":[{"name":"wp","href":"https:\/\/api.w.org\/{rel}","templated":true}]}}